{"id":6,"date":"2014-04-18T11:07:42","date_gmt":"2014-04-18T11:07:42","guid":{"rendered":"http:\/\/rosborn.de\/?page_id=6"},"modified":"2014-04-21T11:16:18","modified_gmt":"2014-04-21T11:16:18","slug":"ueber-rosborn","status":"publish","type":"page","link":"https:\/\/rosborn.de\/?page_id=6","title":{"rendered":"\u00dcber Rosborn"},"content":{"rendered":"<h2 style=\"text-align: center;\">Sch\u00f6ne Stoffe &#8211; Individuelle Schnitte &#8211; Pers\u00f6nliche Beratung<\/h2>\n<h2 style=\"text-align: center;\"><\/h2>\n<p>Wie komme ich zur Mode?<\/p>\n<p>Meine Leidenschaft sind sch\u00f6ne Stoffe. Daher habe ich parallel zu meinem P\u00e4dagogikstudium an der Meisterschule f\u00fcr Mode eine Ausbildung gemacht. Ich erliege sch\u00f6nen Stoffen total,\u00a0wenn sie mich durch ihre Struktur, ihr Material und ihre Farbe in den Bann ziehen. Am sch\u00f6nsten ist es nat\u00fcrlich, wenn alle drei Kriterien auf einmal vorhanden sind. Dann sehe ich oft schon im Geiste das Kleid, den Rock, die Hose vor mir, die daraus entstehen k\u00f6nnten.<\/p>\n<p>&nbsp;<\/p>\n<p>Was macht meine Mode aus?<\/p>\n<p>Begonnen habe ich damit, f\u00fcr mich und meine eigenen Bed\u00fcrfnisse zu n\u00e4hen. Meine Kleidung sollte typgerecht, dekorativ, bequem, koffertauglich und waschbar sein. Dabei bin\u00a0ich auch geblieben, wenn ich jetzt Stoffe verarbeite, die andere Frauen zieren sollen. Und das Kleidungsst\u00fcck soll einzigartig sein, deshalb sind die meisten der von mir angefertigten Kleidungsst\u00fccke Unikate.<\/p>\n<p>&nbsp;<\/p>\n<p>Wie kommt meine Mode zu Ihnen?<\/p>\n<p>Es ist f\u00fcr mich ein sehr erf\u00fcllendes Erlebnis zusammen mit einer anderen Frau aus meinem Vorrat an Kleidungsst\u00fccken eins herauszufinden, das sie sch\u00f6ner macht. Es muss ihr in jeder Hinsicht entsprechen, denn dann strahlt sie aus, dass sie sich darin wohl f\u00fchlt. Das muss man vor Ort ausprobieren und deshalb n\u00e4he ich auch nicht auf Bestellung. Ich m\u00f6chte meine\u00a0Ideen verwirklichen und die dazu passende Tr\u00e4gerin finden.<\/p>\n<p>Besuchen Sie mich gerne in meiner Werkstatt und wir schauen zusammen, ob etwas f\u00fcr Sie dabei ist.<\/p>\n","protected":false},"excerpt":{"rendered":"<p>Sch\u00f6ne Stoffe &#8211; Individuelle Schnitte &#8211; Pers\u00f6nliche Beratung Wie komme ich zur Mode? Meine Leidenschaft sind sch\u00f6ne Stoffe. Daher habe ich parallel zu meinem P\u00e4dagogikstudium an der Meisterschule f\u00fcr Mode eine Ausbildung gemacht. Ich erliege sch\u00f6nen Stoffen total,\u00a0wenn sie mich<\/p>\n","protected":false},"author":1,"featured_media":0,"parent":0,"menu_order":2,"comment_status":"closed","ping_status":"closed","template":"","meta":{"footnotes":""},"class_list":["post-6","page","type-page","status-publish","hentry"],"_links":{"self":[{"href":"https:\/\/rosborn.de\/index.php?rest_route=\/wp\/v2\/pages\/6","targetHints":{"allow":["GET"]}}],"collection":[{"href":"https:\/\/rosborn.de\/index.php?rest_route=\/wp\/v2\/pages"}],"about":[{"href":"https:\/\/rosborn.de\/index.php?rest_route=\/wp\/v2\/types\/page"}],"author":[{"embeddable":true,"href":"https:\/\/rosborn.de\/index.php?rest_route=\/wp\/v2\/users\/1"}],"replies":[{"embeddable":true,"href":"https:\/\/rosborn.de\/index.php?rest_route=%2Fwp%2Fv2%2Fcomments&post=6"}],"version-history":[{"count":9,"href":"https:\/\/rosborn.de\/index.php?rest_route=\/wp\/v2\/pages\/6\/revisions"}],"predecessor-version":[{"id":68,"href":"https:\/\/rosborn.de\/index.php?rest_route=\/wp\/v2\/pages\/6\/revisions\/68"}],"wp:attachment":[{"href":"https:\/\/rosborn.de\/index.php?rest_route=%2Fwp%2Fv2%2Fmedia&parent=6"}],"curies":[{"name":"wp","href":"https:\/\/api.w.org\/{rel}","templated":true}]}}